{"id":13783,"date":"2024-03-17T17:08:41","date_gmt":"2024-03-17T17:08:41","guid":{"rendered":"https:\/\/afrodad.org\/afromedi\/?page_id=13783"},"modified":"2024-03-18T03:45:28","modified_gmt":"2024-03-18T03:45:28","slug":"drlyla-fr","status":"publish","type":"page","link":"https:\/\/afrodad.org\/afromedi\/fr\/drlyla-fr\/","title":{"rendered":"Dr. Lyla &#8211; Fr"},"content":{"rendered":"\t\t<div data-elementor-type=\"wp-page\" data-elementor-id=\"13783\" class=\"elementor elementor-13783\">\n\t\t\t\t\t\t<section data-particle_enable=\"false\" data-particle-mobile-disabled=\"false\" class=\"elementor-section elementor-top-section elementor-element elementor-element-93de342 elementor-section-boxed elementor-section-height-default elementor-section-height-default\" data-id=\"93de342\" data-element_type=\"section\" data-e-type=\"section\">\n\t\t\t\t\t\t\t<div class=\"elementor-background-overlay\"><\/div>\n\t\t\t\t\t\t\t<div class=\"elementor-container elementor-column-gap-no\">\n\t\t\t\t\t<div class=\"elementor-column elementor-col-50 elementor-top-column elementor-element elementor-element-a6e24fc\" data-id=\"a6e24fc\" data-element_type=\"column\" data-e-type=\"column\">\n\t\t\t<div class=\"elementor-widget-wrap elementor-element-populated\">\n\t\t\t\t\t\t<section data-particle_enable=\"false\" data-particle-mobile-disabled=\"false\" class=\"elementor-section elementor-inner-section elementor-element elementor-element-e51fb9a elementor-section-boxed elementor-section-height-default elementor-section-height-default\" data-id=\"e51fb9a\" data-element_type=\"section\" data-e-type=\"section\" data-settings=\"{&quot;background_background&quot;:&quot;gradient&quot;}\">\n\t\t\t\t\t\t\t<div class=\"elementor-background-overlay\"><\/div>\n\t\t\t\t\t\t\t<div class=\"elementor-container elementor-column-gap-no\">\n\t\t\t\t\t<div class=\"elementor-column elementor-col-100 elementor-inner-column elementor-element elementor-element-e2ffa14\" data-id=\"e2ffa14\" data-element_type=\"column\" data-e-type=\"column\" data-settings=\"{&quot;background_background&quot;:&quot;classic&quot;}\">\n\t\t\t<div class=\"elementor-widget-wrap elementor-element-populated\">\n\t\t\t\t\t<div class=\"elementor-background-overlay\"><\/div>\n\t\t\t\t\t\t<div class=\"elementor-element elementor-element-818218b elementor-widget elementor-widget-image\" data-id=\"818218b\" data-element_type=\"widget\" data-e-type=\"widget\" data-widget_type=\"image.default\">\n\t\t\t\t<div class=\"elementor-widget-container\">\n\t\t\t\t\t\t\t\t\t\t\t\t\t\t\t<img decoding=\"async\" width=\"160\" height=\"213\" src=\"https:\/\/i0.wp.com\/afrodad.org\/afromedi\/wp-content\/uploads\/2024\/03\/llatif.png?fit=160%2C213&amp;ssl=1\" class=\"attachment-full size-full wp-image-13772\" alt=\"\" \/>\t\t\t\t\t\t\t\t\t\t\t\t\t\t\t<\/div>\n\t\t\t\t<\/div>\n\t\t\t\t<div class=\"elementor-element elementor-element-aeade81 elementor-widget elementor-widget-elementskit-heading\" data-id=\"aeade81\" data-element_type=\"widget\" data-e-type=\"widget\" data-widget_type=\"elementskit-heading.default\">\n\t\t\t\t<div class=\"elementor-widget-container\">\n\t\t\t\t\t<div class=\"ekit-wid-con\" ><div class=\"ekit-heading elementskit-section-title-wraper text_center   ekit_heading_tablet-   ekit_heading_mobile-\"><h5 class=\"ekit-heading--title elementskit-section-title \">Dr. LYLA LATIF<\/h5><p class=\"ekit-heading--subtitle elementskit-section-subtitle  \">\n\t\t\t\t\t\tAvocat, commissaire \u00e0 l&#039;assermentation, notaire\n\t\t\t\t\t<\/p><\/div><\/div>\t\t\t\t<\/div>\n\t\t\t\t<\/div>\n\t\t\t\t<div class=\"elementor-element elementor-element-220aaa1 elementor-widget__width-initial elementor-widget elementor-widget-image\" data-id=\"220aaa1\" data-element_type=\"widget\" data-e-type=\"widget\" data-widget_type=\"image.default\">\n\t\t\t\t<div class=\"elementor-widget-container\">\n\t\t\t\t\t\t\t\t\t\t\t\t\t\t\t<img fetchpriority=\"high\" decoding=\"async\" width=\"703\" height=\"89\" src=\"https:\/\/i0.wp.com\/afrodad.org\/afromedi\/wp-content\/uploads\/2024\/02\/Asset-5.png?fit=703%2C89&amp;ssl=1\" class=\"attachment-full size-full wp-image-13014\" alt=\"\" srcset=\"https:\/\/i0.wp.com\/afrodad.org\/afromedi\/wp-content\/uploads\/2024\/02\/Asset-5.png?w=703&amp;ssl=1 703w, https:\/\/i0.wp.com\/afrodad.org\/afromedi\/wp-content\/uploads\/2024\/02\/Asset-5.png?resize=300%2C38&amp;ssl=1 300w\" sizes=\"(max-width: 703px) 100vw, 703px\" \/>\t\t\t\t\t\t\t\t\t\t\t\t\t\t\t<\/div>\n\t\t\t\t<\/div>\n\t\t\t\t\t<\/div>\n\t\t<\/div>\n\t\t\t\t\t<\/div>\n\t\t<\/section>\n\t\t\t\t\t<\/div>\n\t\t<\/div>\n\t\t\t\t<div class=\"elementor-column elementor-col-50 elementor-top-column elementor-element elementor-element-463bbf9\" data-id=\"463bbf9\" data-element_type=\"column\" data-e-type=\"column\">\n\t\t\t<div class=\"elementor-widget-wrap elementor-element-populated\">\n\t\t\t\t\t\t<div class=\"elementor-element elementor-element-f75f872 elementor-widget elementor-widget-heading\" data-id=\"f75f872\" data-element_type=\"widget\" data-e-type=\"widget\" data-widget_type=\"heading.default\">\n\t\t\t\t<div class=\"elementor-widget-container\">\n\t\t\t\t\t<h5 class=\"elementor-heading-title elementor-size-default\">Bref profil<\/h5>\t\t\t\t<\/div>\n\t\t\t\t<\/div>\n\t\t\t\t<div class=\"elementor-element elementor-element-eaf844b elementor-widget-divider--view-line elementor-widget elementor-widget-divider\" data-id=\"eaf844b\" data-element_type=\"widget\" data-e-type=\"widget\" data-widget_type=\"divider.default\">\n\t\t\t\t<div class=\"elementor-widget-container\">\n\t\t\t\t\t\t\t<div class=\"elementor-divider\">\n\t\t\t<span class=\"elementor-divider-separator\">\n\t\t\t\t\t\t<\/span>\n\t\t<\/div>\n\t\t\t\t\t\t<\/div>\n\t\t\t\t<\/div>\n\t\t\t\t<div class=\"elementor-element elementor-element-e8fa1fe elementor-widget elementor-widget-text-editor\" data-id=\"e8fa1fe\" data-element_type=\"widget\" data-e-type=\"widget\" data-widget_type=\"text-editor.default\">\n\t\t\t\t<div class=\"elementor-widget-container\">\n\t\t\t\t\t\t\t\t\t<p>Elle est la directrice g\u00e9n\u00e9rale de Lai\u2019Latif &amp; Co Advocates, un cabinet d\u2019avocats unique qui excelle dans la fiscalit\u00e9 des entreprises et internationale, le droit des transactions et soutient les femmes d\u00e9favoris\u00e9es gr\u00e2ce \u00e0 une aile philanthropique aliment\u00e9e par la zakat. Elle pr\u00e9side et dirige des recherches au Committee on Fiscal Studies (CFS), un groupe de r\u00e9flexion universitaire qui traite de la mobilisation des recettes, de l\u2019allocation, des d\u00e9penses, des flux financiers illicites, de la taxe technologique, des asym\u00e9tries de pouvoir dans les n\u00e9gociations sur les normes et les r\u00e8gles fiscales et de la conception d\u2019un syst\u00e8me fiscal progressif.<\/p><p>Titulaire d\u2019un doctorat en imp\u00f4t sur la fortune, d\u2019une ma\u00eetrise en finances publiques, d\u2019une ma\u00eetrise en d\u00e9veloppement et gouvernance et d\u2019un baccalaur\u00e9at en droit de premi\u00e8re classe, Lyla est hautement qualifi\u00e9e dans son domaine. Elle a r\u00e9dig\u00e9 les lois fonci\u00e8res du Kenya, le projet de loi sur les technologies \u00e9mergentes pour le minist\u00e8re de l\u2019Information, des Communications et de l\u2019\u00c9conomie num\u00e9rique, et des amendements \u00e0 diverses lois pour le gouvernement kenyan. En tant que membre du Comit\u00e9 de droit fiscal de la Soci\u00e9t\u00e9 du Barreau de l\u2019Afrique de l\u2019Est, elle a \u00e9t\u00e9 pionni\u00e8re dans les r\u00e9formes et l\u2019harmonisation du droit fiscal en vue de l\u2019int\u00e9gration r\u00e9gionale. Lyla est directrice non ex\u00e9cutive du R\u00e9seau pour la justice fiscale et membre du conseil consultatif de l\u2019International Lawyers Project.<\/p><p>En septembre 2023, Lyla a \u00e9t\u00e9 nomm\u00e9e au premier groupe de travail du groupe de travail sur les technologies \u00e9mergentes et la gouvernance des donn\u00e9es par le secr\u00e9taire du Cabinet du minist\u00e8re de l\u2019Information, de la Communication et de l\u2019\u00c9conomie num\u00e9rique, charg\u00e9 d\u2019\u00e9laborer la vision, les politiques et le cadre juridique pour propulser le Kenya en tant que plaque tournante num\u00e9rique de l\u2019Afrique. Elle a enseign\u00e9 \u00e0 l\u2019Universit\u00e9 de Nairobi, \u00e0 la Cardiff Law School, \u00e0 la London School of Economics et \u00e0 la Warwick Law School, et a fourni des services de conseil \u00e0 diverses organisations internationales et gouvernements, notamment le PNUD, le Bureau du Conseiller sp\u00e9cial des Nations Unies pour l\u2019Afrique, la CEA, la CUA, l\u2019AFRODAD, la TJNA, l\u2019EATGN, World Vision Kenya, KELIN, ONUSIDA, CNUCED, ainsi que les minist\u00e8res et les autorit\u00e9s fiscales de l\u2019Ouganda. L\u2019Eswatini, le Sri Lanka, le Liban, la Tanzanie et l\u2019\u00c9gypte. Lyla a \u00e9galement con\u00e7u un outil de suivi des politiques de lutte contre les flux financiers illicites (FFI) pour le R\u00e9seau africain pour la justice fiscale afin de piloter et d\u2019\u00e9valuer les lois, les institutions et l\u2019\u00e9change transfrontalier d\u2019informations des \u00c9tats membres de l\u2019UA en mati\u00e8re de pr\u00e9vention des FFI.<\/p>\t\t\t\t\t\t\t\t<\/div>\n\t\t\t\t<\/div>\n\t\t\t\t<div class=\"elementor-element elementor-element-1174362 elementor-widget elementor-widget-heading\" data-id=\"1174362\" data-element_type=\"widget\" data-e-type=\"widget\" data-widget_type=\"heading.default\">\n\t\t\t\t<div class=\"elementor-widget-container\">\n\t\t\t\t\t<h5 class=\"elementor-heading-title elementor-size-default\">S\u00e9ance du Dr Lyla<\/h5>\t\t\t\t<\/div>\n\t\t\t\t<\/div>\n\t\t\t\t<div class=\"elementor-element elementor-element-91536ed elementor-widget-divider--view-line elementor-widget elementor-widget-divider\" data-id=\"91536ed\" data-element_type=\"widget\" data-e-type=\"widget\" data-widget_type=\"divider.default\">\n\t\t\t\t<div class=\"elementor-widget-container\">\n\t\t\t\t\t\t\t<div class=\"elementor-divider\">\n\t\t\t<span class=\"elementor-divider-separator\">\n\t\t\t\t\t\t<\/span>\n\t\t<\/div>\n\t\t\t\t\t\t<\/div>\n\t\t\t\t<\/div>\n\t\t\t\t<section data-particle_enable=\"false\" data-particle-mobile-disabled=\"false\" class=\"elementor-section elementor-inner-section elementor-element elementor-element-d3ca12a elementor-section-boxed elementor-section-height-default elementor-section-height-default\" data-id=\"d3ca12a\" data-element_type=\"section\" data-e-type=\"section\">\n\t\t\t\t\t\t<div class=\"elementor-container elementor-column-gap-no\">\n\t\t\t\t\t<div class=\"elementor-column elementor-col-100 elementor-inner-column elementor-element elementor-element-f491ad6\" data-id=\"f491ad6\" data-element_type=\"column\" data-e-type=\"column\" data-settings=\"{&quot;background_background&quot;:&quot;classic&quot;}\">\n\t\t\t<div class=\"elementor-widget-wrap elementor-element-populated\">\n\t\t\t\t\t\t<div class=\"elementor-element elementor-element-b98cf53 elementor-widget elementor-widget-elementskit-heading\" data-id=\"b98cf53\" data-element_type=\"widget\" data-e-type=\"widget\" data-widget_type=\"elementskit-heading.default\">\n\t\t\t\t<div class=\"elementor-widget-container\">\n\t\t\t\t\t<div class=\"ekit-wid-con\" ><div class=\"ekit-heading elementskit-section-title-wraper text_left   ekit_heading_tablet-   ekit_heading_mobile-text_center\"><h6 class=\"elementskit-section-subtitle  \">\n\t\t\t\t\t\tJOUR 01\n\t\t\t\t\t<\/h6><h5 class=\"ekit-heading--title elementskit-section-title \">19 mars 2024, 14h55 - 15h30<\/h5><\/div><\/div>\t\t\t\t<\/div>\n\t\t\t\t<\/div>\n\t\t\t\t<div class=\"elementor-element elementor-element-c849b50 elementor-widget elementor-widget-elementskit-heading\" data-id=\"c849b50\" data-element_type=\"widget\" data-e-type=\"widget\" data-widget_type=\"elementskit-heading.default\">\n\t\t\t\t<div class=\"elementor-widget-container\">\n\t\t\t\t\t<div class=\"ekit-wid-con\" ><div class=\"ekit-heading elementskit-section-title-wraper text_left   ekit_heading_tablet-   ekit_heading_mobile-text_center\"><h5 class=\"ekit-heading--title elementskit-section-title \">LES FONDEMENTS JURIDIQUES DE LA DETTE<\/h5>\t\t\t\t<div class='ekit-heading__description'>\n\t\t\t\t\t<p>Cette session aidera les journalistes \u00e0 comprendre les complexit\u00e9s des fondements juridiques de la dette et les aidera \u00e0 appr\u00e9cier le contexte politico-\u00e9conomique de la contraction de la dette en Afrique et l\u2019importance de comprendre les causes structurelles et syst\u00e9miques de la dette en Afrique. La s\u00e9ance se terminera en soulignant comment ces connaissances peuvent guider les journalistes dans leur r\u00e9cit de la dette publique.<\/p>\n\t\t\t\t<\/div>\n\t\t\t<\/div><\/div>\t\t\t\t<\/div>\n\t\t\t\t<\/div>\n\t\t\t\t\t<\/div>\n\t\t<\/div>\n\t\t\t\t\t<\/div>\n\t\t<\/section>\n\t\t\t\t\t<\/div>\n\t\t<\/div>\n\t\t\t\t\t<\/div>\n\t\t<\/section>\n\t\t\t\t<\/div>\n\t\t","protected":false},"excerpt":{"rendered":"<p>Dr. LYLA LATIF Avocat, commissaire \u00e0 l&#039;assermentation, notaire Bref profil Elle est la directrice g\u00e9n\u00e9rale de Lai\u2019Latif &amp; Co Advocates, un cabinet d\u2019avocats unique qui excelle dans la fiscalit\u00e9 des entreprises et internationale, le droit des transactions et soutient les femmes d\u00e9favoris\u00e9es gr\u00e2ce \u00e0 une aile philanthropique aliment\u00e9e par la zakat. Elle pr\u00e9side et dirige [&hellip;]<\/p>\n","protected":false},"author":2,"featured_media":0,"parent":0,"menu_order":0,"comment_status":"closed","ping_status":"closed","template":"","meta":{"nf_dc_page":"","footnotes":""},"class_list":["post-13783","page","type-page","status-publish","hentry"],"yoast_head":"<!-- This site is optimized with the Yoast SEO plugin v27.4 - https:\/\/yoast.com\/product\/yoast-seo-wordpress\/ -->\n<title>Dr. Lyla - Fr - AFROMEDI<\/title>\n<meta name=\"robots\" content=\"index, follow, max-snippet:-1, max-image-preview:large, max-video-preview:-1\" \/>\n<link rel=\"canonical\" href=\"https:\/\/afrodad.org\/afromedi\/fr\/drlyla-fr\/\" \/>\n<meta property=\"og:locale\" content=\"en_US\" \/>\n<meta property=\"og:type\" content=\"article\" \/>\n<meta property=\"og:title\" content=\"Dr. Lyla - Fr - AFROMEDI\" \/>\n<meta property=\"og:description\" content=\"Dr. LYLA LATIF Avocat, commissaire \u00e0 l&#039;assermentation, notaire Bref profil Elle est la directrice g\u00e9n\u00e9rale de Lai\u2019Latif &amp; Co Advocates, un cabinet d\u2019avocats unique qui excelle dans la fiscalit\u00e9 des entreprises et internationale, le droit des transactions et soutient les femmes d\u00e9favoris\u00e9es gr\u00e2ce \u00e0 une aile philanthropique aliment\u00e9e par la zakat. Elle pr\u00e9side et dirige [&hellip;]\" \/>\n<meta property=\"og:url\" content=\"https:\/\/afrodad.org\/afromedi\/fr\/drlyla-fr\/\" \/>\n<meta property=\"og:site_name\" content=\"AFROMEDI\" \/>\n<meta property=\"article:modified_time\" content=\"2024-03-18T03:45:28+00:00\" \/>\n<meta property=\"og:image\" content=\"https:\/\/afrodad.org\/afromedi\/wp-content\/uploads\/2024\/03\/llatif.png\" \/>\n<meta name=\"twitter:card\" content=\"summary_large_image\" \/>\n<meta name=\"twitter:label1\" content=\"Est. reading time\" \/>\n\t<meta name=\"twitter:data1\" content=\"3 minutes\" \/>\n<script type=\"application\/ld+json\" class=\"yoast-schema-graph\">{\"@context\":\"https:\\\/\\\/schema.org\",\"@graph\":[{\"@type\":\"WebPage\",\"@id\":\"https:\\\/\\\/afrodad.org\\\/afromedi\\\/fr\\\/drlyla-fr\\\/\",\"url\":\"https:\\\/\\\/afrodad.org\\\/afromedi\\\/fr\\\/drlyla-fr\\\/\",\"name\":\"Dr. Lyla - Fr - AFROMEDI\",\"isPartOf\":{\"@id\":\"https:\\\/\\\/afrodad.org\\\/afromedi\\\/#website\"},\"primaryImageOfPage\":{\"@id\":\"https:\\\/\\\/afrodad.org\\\/afromedi\\\/fr\\\/drlyla-fr\\\/#primaryimage\"},\"image\":{\"@id\":\"https:\\\/\\\/afrodad.org\\\/afromedi\\\/fr\\\/drlyla-fr\\\/#primaryimage\"},\"thumbnailUrl\":\"https:\\\/\\\/afrodad.org\\\/afromedi\\\/wp-content\\\/uploads\\\/2024\\\/03\\\/llatif.png\",\"datePublished\":\"2024-03-17T17:08:41+00:00\",\"dateModified\":\"2024-03-18T03:45:28+00:00\",\"breadcrumb\":{\"@id\":\"https:\\\/\\\/afrodad.org\\\/afromedi\\\/fr\\\/drlyla-fr\\\/#breadcrumb\"},\"inLanguage\":\"en-US\",\"potentialAction\":[{\"@type\":\"ReadAction\",\"target\":[\"https:\\\/\\\/afrodad.org\\\/afromedi\\\/fr\\\/drlyla-fr\\\/\"]}]},{\"@type\":\"ImageObject\",\"inLanguage\":\"en-US\",\"@id\":\"https:\\\/\\\/afrodad.org\\\/afromedi\\\/fr\\\/drlyla-fr\\\/#primaryimage\",\"url\":\"https:\\\/\\\/i0.wp.com\\\/afrodad.org\\\/afromedi\\\/wp-content\\\/uploads\\\/2024\\\/03\\\/llatif.png?fit=160%2C213&ssl=1\",\"contentUrl\":\"https:\\\/\\\/i0.wp.com\\\/afrodad.org\\\/afromedi\\\/wp-content\\\/uploads\\\/2024\\\/03\\\/llatif.png?fit=160%2C213&ssl=1\",\"width\":160,\"height\":213},{\"@type\":\"BreadcrumbList\",\"@id\":\"https:\\\/\\\/afrodad.org\\\/afromedi\\\/fr\\\/drlyla-fr\\\/#breadcrumb\",\"itemListElement\":[{\"@type\":\"ListItem\",\"position\":1,\"name\":\"Home\",\"item\":\"https:\\\/\\\/afrodad.org\\\/afromedi\\\/\"},{\"@type\":\"ListItem\",\"position\":2,\"name\":\"Dr. Lyla &#8211; Fr\"}]},{\"@type\":\"WebSite\",\"@id\":\"https:\\\/\\\/afrodad.org\\\/afromedi\\\/#website\",\"url\":\"https:\\\/\\\/afrodad.org\\\/afromedi\\\/\",\"name\":\"AFROMEDI\",\"description\":\"\",\"publisher\":{\"@id\":\"https:\\\/\\\/afrodad.org\\\/afromedi\\\/#organization\"},\"potentialAction\":[{\"@type\":\"SearchAction\",\"target\":{\"@type\":\"EntryPoint\",\"urlTemplate\":\"https:\\\/\\\/afrodad.org\\\/afromedi\\\/?s={search_term_string}\"},\"query-input\":{\"@type\":\"PropertyValueSpecification\",\"valueRequired\":true,\"valueName\":\"search_term_string\"}}],\"inLanguage\":\"en-US\"},{\"@type\":\"Organization\",\"@id\":\"https:\\\/\\\/afrodad.org\\\/afromedi\\\/#organization\",\"name\":\"AFROMEDI\",\"url\":\"https:\\\/\\\/afrodad.org\\\/afromedi\\\/\",\"logo\":{\"@type\":\"ImageObject\",\"inLanguage\":\"en-US\",\"@id\":\"https:\\\/\\\/afrodad.org\\\/afromedi\\\/#\\\/schema\\\/logo\\\/image\\\/\",\"url\":\"https:\\\/\\\/i0.wp.com\\\/afrodad.org\\\/afromedi\\\/wp-content\\\/uploads\\\/2023\\\/03\\\/AFRODADs-logo-2.png?fit=196%2C109&ssl=1\",\"contentUrl\":\"https:\\\/\\\/i0.wp.com\\\/afrodad.org\\\/afromedi\\\/wp-content\\\/uploads\\\/2023\\\/03\\\/AFRODADs-logo-2.png?fit=196%2C109&ssl=1\",\"width\":196,\"height\":109,\"caption\":\"AFROMEDI\"},\"image\":{\"@id\":\"https:\\\/\\\/afrodad.org\\\/afromedi\\\/#\\\/schema\\\/logo\\\/image\\\/\"}}]}<\/script>\n<!-- \/ Yoast SEO plugin. -->","yoast_head_json":{"title":"Dr. Lyla - Fr - AFROMEDI","robots":{"index":"index","follow":"follow","max-snippet":"max-snippet:-1","max-image-preview":"max-image-preview:large","max-video-preview":"max-video-preview:-1"},"canonical":"https:\/\/afrodad.org\/afromedi\/fr\/drlyla-fr\/","og_locale":"en_US","og_type":"article","og_title":"Dr. Lyla - Fr - AFROMEDI","og_description":"Dr. LYLA LATIF Avocat, commissaire \u00e0 l&#039;assermentation, notaire Bref profil Elle est la directrice g\u00e9n\u00e9rale de Lai\u2019Latif &amp; Co Advocates, un cabinet d\u2019avocats unique qui excelle dans la fiscalit\u00e9 des entreprises et internationale, le droit des transactions et soutient les femmes d\u00e9favoris\u00e9es gr\u00e2ce \u00e0 une aile philanthropique aliment\u00e9e par la zakat. Elle pr\u00e9side et dirige [&hellip;]","og_url":"https:\/\/afrodad.org\/afromedi\/fr\/drlyla-fr\/","og_site_name":"AFROMEDI","article_modified_time":"2024-03-18T03:45:28+00:00","og_image":[{"url":"https:\/\/afrodad.org\/afromedi\/wp-content\/uploads\/2024\/03\/llatif.png","type":"","width":"","height":""}],"twitter_card":"summary_large_image","twitter_misc":{"Est. reading time":"3 minutes"},"schema":{"@context":"https:\/\/schema.org","@graph":[{"@type":"WebPage","@id":"https:\/\/afrodad.org\/afromedi\/fr\/drlyla-fr\/","url":"https:\/\/afrodad.org\/afromedi\/fr\/drlyla-fr\/","name":"Dr. Lyla - Fr - AFROMEDI","isPartOf":{"@id":"https:\/\/afrodad.org\/afromedi\/#website"},"primaryImageOfPage":{"@id":"https:\/\/afrodad.org\/afromedi\/fr\/drlyla-fr\/#primaryimage"},"image":{"@id":"https:\/\/afrodad.org\/afromedi\/fr\/drlyla-fr\/#primaryimage"},"thumbnailUrl":"https:\/\/afrodad.org\/afromedi\/wp-content\/uploads\/2024\/03\/llatif.png","datePublished":"2024-03-17T17:08:41+00:00","dateModified":"2024-03-18T03:45:28+00:00","breadcrumb":{"@id":"https:\/\/afrodad.org\/afromedi\/fr\/drlyla-fr\/#breadcrumb"},"inLanguage":"en-US","potentialAction":[{"@type":"ReadAction","target":["https:\/\/afrodad.org\/afromedi\/fr\/drlyla-fr\/"]}]},{"@type":"ImageObject","inLanguage":"en-US","@id":"https:\/\/afrodad.org\/afromedi\/fr\/drlyla-fr\/#primaryimage","url":"https:\/\/i0.wp.com\/afrodad.org\/afromedi\/wp-content\/uploads\/2024\/03\/llatif.png?fit=160%2C213&ssl=1","contentUrl":"https:\/\/i0.wp.com\/afrodad.org\/afromedi\/wp-content\/uploads\/2024\/03\/llatif.png?fit=160%2C213&ssl=1","width":160,"height":213},{"@type":"BreadcrumbList","@id":"https:\/\/afrodad.org\/afromedi\/fr\/drlyla-fr\/#breadcrumb","itemListElement":[{"@type":"ListItem","position":1,"name":"Home","item":"https:\/\/afrodad.org\/afromedi\/"},{"@type":"ListItem","position":2,"name":"Dr. Lyla &#8211; Fr"}]},{"@type":"WebSite","@id":"https:\/\/afrodad.org\/afromedi\/#website","url":"https:\/\/afrodad.org\/afromedi\/","name":"AFROMEDI","description":"","publisher":{"@id":"https:\/\/afrodad.org\/afromedi\/#organization"},"potentialAction":[{"@type":"SearchAction","target":{"@type":"EntryPoint","urlTemplate":"https:\/\/afrodad.org\/afromedi\/?s={search_term_string}"},"query-input":{"@type":"PropertyValueSpecification","valueRequired":true,"valueName":"search_term_string"}}],"inLanguage":"en-US"},{"@type":"Organization","@id":"https:\/\/afrodad.org\/afromedi\/#organization","name":"AFROMEDI","url":"https:\/\/afrodad.org\/afromedi\/","logo":{"@type":"ImageObject","inLanguage":"en-US","@id":"https:\/\/afrodad.org\/afromedi\/#\/schema\/logo\/image\/","url":"https:\/\/i0.wp.com\/afrodad.org\/afromedi\/wp-content\/uploads\/2023\/03\/AFRODADs-logo-2.png?fit=196%2C109&ssl=1","contentUrl":"https:\/\/i0.wp.com\/afrodad.org\/afromedi\/wp-content\/uploads\/2023\/03\/AFRODADs-logo-2.png?fit=196%2C109&ssl=1","width":196,"height":109,"caption":"AFROMEDI"},"image":{"@id":"https:\/\/afrodad.org\/afromedi\/#\/schema\/logo\/image\/"}}]}},"jetpack_sharing_enabled":true,"_links":{"self":[{"href":"https:\/\/afrodad.org\/afromedi\/wp-json\/wp\/v2\/pages\/13783","targetHints":{"allow":["GET"]}}],"collection":[{"href":"https:\/\/afrodad.org\/afromedi\/wp-json\/wp\/v2\/pages"}],"about":[{"href":"https:\/\/afrodad.org\/afromedi\/wp-json\/wp\/v2\/types\/page"}],"author":[{"embeddable":true,"href":"https:\/\/afrodad.org\/afromedi\/wp-json\/wp\/v2\/users\/2"}],"replies":[{"embeddable":true,"href":"https:\/\/afrodad.org\/afromedi\/wp-json\/wp\/v2\/comments?post=13783"}],"version-history":[{"count":5,"href":"https:\/\/afrodad.org\/afromedi\/wp-json\/wp\/v2\/pages\/13783\/revisions"}],"predecessor-version":[{"id":13999,"href":"https:\/\/afrodad.org\/afromedi\/wp-json\/wp\/v2\/pages\/13783\/revisions\/13999"}],"wp:attachment":[{"href":"https:\/\/afrodad.org\/afromedi\/wp-json\/wp\/v2\/media?parent=13783"}],"curies":[{"name":"wp","href":"https:\/\/api.w.org\/{rel}","templated":true}]}}